e (30/40)/(2/j). Let b be -2*2/4 - -46. Calculate the greatest common divisor of x and b.
9
Suppose -r = 2*o - 84, 3*o = 12*r - 9*r + 108. Let d be -2*(3 - 5) - -1. What is the highest common divisor of o and d?
5
Let v be (-11)/33 - (3815/15)/(-7). What is the greatest common divisor of v and 747?
9
Suppose 220*v - 131 = 218*v + 3*u, -3*u + 113 = 2*v. What is the greatest common factor of 4 and v?
1
Let m be ((192/(-30))/(-4))/((-3)/((-19140)/8)). Calculate the highest common divisor of 1856 and m.
116
Suppose -j = d + 5 - 15, 0 = -5*j + d + 44. Suppose 4*b - j = 5*b. Let p be (b - -8) + 1 + -1 + 9. What is the highest common factor of 8 and p?
8
Let l(o) = -53*o - 1. Let p be l(-1). Suppose -261*d + 5*t = -259*d - 302, -4*d = 5*t - 634. Calculate the highest common divisor of p and d.
52
Let p(s) = 105*s**2 - 20*s - 21. Let h be p(-1). What is the highest common divisor of 72 and h?
8
Let m(u) = 37*u - 17*u + 103*u + 30. Let i be m(4). Suppose 5*a - i + 27 = 0. What is the greatest common factor of a and 66?
33
Suppose -7417 = -12*i - 6589. Calculate the highest common factor of i and 9269.
23
Suppose -5 - 24 = -o - 27, 62 = 2*y + 3*o. Suppose 3*t - 3 = 3. Suppose 308 = t*k - k. Calculate the highest common factor of k and y.
28
Suppose -5*w + 2*g + 806 = -909, 3*g = -5*w + 1715. Let b(m) = -8*m + 1. Let a be b(-6). Calculate the greatest common factor of w and a.
49
Let r be 1382 - 23/(138/60). What is the highest common divisor of r and 56?
28
Let y(r) = -132*r - 3393. Let x be y(-26). Suppose 3*o - 80 + 11 = -h, 5*o + 5 = 0. Let s be 29/9 - 16/h. Calculate the highest common factor of s and x.
3
Let d be (-5 - -17)/(-1) + -3. Let h be (-3 - 0)/(d/320). Calculate the highest common factor of h and 4.
4
Let b = -201 + 212. Let l(o) be the first derivative of 3*o**2/2 - 5*o - 2. Let c be l(b). Calculate the highest common divisor of c and 28.
28
Suppose -4*t = -8, n - 3*t + 1 = -0*n. Suppose -n*k + 1272 = 547. Calculate the highest common divisor of k and 58.
29
Let t = 1441 + -846. Calculate the greatest common divisor of t and 35.
35
Let h = -370 + 520. Suppose 5*b - h = -2*k, -5*k - 3 = -3*b + 2*b. Calculate the highest common factor of b and 448.
28
Let u(x) = -5*x + 195. Let r be u(39). Let l(v) = 2*v**2 - v + 100. Let m be l(r). Calculate the highest common divisor of m and 4.
4
Let l(x) = -x**2 - 34*x + 130. Let v be l(-35). What is the highest common factor of 380 and v?
95
Let m be 2/(18/45) + 1. Suppose m*u = 9*u - 2*a - 97, 4*u - 134 = 5*a. What is the greatest common factor of 1054 and u?
31
Let k = -1433 - -1587. Let i(r) = -8*r + 62. Let q be i(6). Calculate the highest common factor of k and q.
14
Let p(c) = 683*c - 3328. Let x be p(5). What is the greatest common factor of x and 7192?
29
Let j = -16887 - -16959. Calculate the greatest common divisor of 1134 and j.
18
Let c = 11867 + -11852. Calculate the highest common divisor of c and 1535.
5
Let h(p) = 17*p - 10. Let x be h(7). Let m = x + -46. Let f be -1 + (6 - 20/(-5)). Calculate the greatest common factor of f and m.
9
Let f be (((-68)/24)/1 + 3)*114. What is the highest common divisor of 2603 and f?
19
Let y = 2418 - 2410. Calculate the highest common factor of y and 664.
8
Let s = 293 + 1019. What is the highest common divisor of 96 and s?
32
Let i = -64 - -123. Calculate the highest common divisor of i and 35400.
59
Let u = -12056 + -3838. Let k be 1 - (-9)/(-7) - u/63. What is the highest common divisor of k and 108?
36
Let h = 4848 - 4691. What is the highest common divisor of 628 and h?
157
Let b = 3 + -2. Let c(h) = -7*h - 2*h + 1 + 16*h + 23*h. Let t be c(b). What is the highest common factor of 248 and t?
31
Let z(u) = 5*u**2 - 85*u + 160. Let o be z(2). Let m be (8/10)/(4/10). Suppose 0*d + 4 = m*d. Calculate the highest common factor of o and d.
2
Let m = 6154 + -5650. Calculate the greatest common divisor of m and 6300.
252
Let y(n) = 35*n + 8. Let a be y(3). Let u = 133 - a. Suppose -5*t + u = -0*t, 0 = -4*b + 3*t + 164. What is the highest common divisor of 44 and b?
44
Let d(a) = 23*a**2 - 74*a - 845. Let f be d(-9). Calculate the highest common divisor of 12 and f.
4
Suppose -29*w + 25*w - 8 = 0. Let f be (w*(-5)/10)/(1/30). What is the highest common divisor of 45 and f?
15
Suppose 2*r - 5*u - 81 = 0, 0*r + 5*r = 2*u + 171. Let p(d) = 257*d**2 - 487*d - 30. Let m be p(2). Calculate the greatest common factor of r and m.
3
Let r be ((37 - 1)/4)/((-9)/6). Let w(d) = -112*d - 74. Let h be w(r). What is the highest common factor of h and 26?
26
Suppose -2*b + 6 = 0, -5099 = 7*d - 9*d - b. Calculate the greatest common divisor of d and 156.
52
Suppose -30*q - 45515 + 29496 = -131189. What is the highest common divisor of 33 and q?
11
Let r be (40/30)/((-4)/(-1134)*3). What is the greatest common divisor of r and 826?
14
Let b be (-462)/112*-83 + 12/(-32). What is the highest common factor of 2250 and b?
18
Let l(f) = 28 + 2*f**2 - 25 - 3*f**2 + 6*f. Let j be l(5). Suppose -4*k + 3*o = -408, 0*o = 2*o + j. What is the highest common divisor of k and 11?
11
Suppose 9*p = -20*p + 12296. Let f = p - 358. Calculate the greatest common factor of f and 231.
33
Let o be ((-18)/(-8))/((-18)/(-384)). Let s = -21 + 48. Let v be (2 - -22)*36/s. What is the highest common factor of v and o?
16
Suppose -x - x + 10 = 0. Let q be ((-856)/(-48) + -7)/(((-4)/(-120))/((-26)/(-130))). Calculate the greatest common divisor of x and q.
5
Suppose 0 = -2*z - 3*s + 5175, 33*s - 36*s = -7*z + 18126. What is the highest common factor of 12 and z?
3
Let n be -7*((-2732)/42 + 40/(-60)). Suppose -n = 4*j - 8*j - 4*z, 3*j - 341 = -4*z. Calculate the greatest common factor of 289 and j.
17
Let o be (((-9)/2)/((-126)/(-48)))/(74/(-3885)). What is the highest common factor of 10 and o?
10
Let h be 0/(-5) + (269 - -1). Suppose 0 = -k - f + 20 + 6, -4*k + 132 = -3*f. Calculate the highest common factor of h and k.
30
Suppose 6*j - 5*j - 69 = 0. Let x(r) = -25*r**3 - 77*r**2 + 4*r - 7. Let z be x(-5). What is the highest common divisor of z and j?
69
Let r(a) = a**2 - 36*a + 40. Let k(l) = -l**2 + 40*l - 39. Let t(g) = 5*k(g) + 6*r(g). Let p be t(19). What is the greatest common divisor of 12 and p?
6
Let z = 3174 + -552. What is the greatest common divisor of z and 95?
19
Suppose 10904 = 2*x + 120*x + 900. Calculate the greatest common factor of x and 23206.
82
Let a be (-1*(-161)/(-56) + 3)*8 - -293. What is the greatest common divisor of 448 and a?
14
Suppose 3*s + v - 371 = 126, -2*v = 14. Calculate the greatest common factor of 567 and s.
21
Let o = -1139 - -1397. Calculate the greatest common factor of o and 6.
6
Let q(o) = 8*o**3 + o - 2. Let g be q(1). Suppose 3*d = -4*x + 768, -d - 218 = -3*x + 345. Calculate the highest common factor of x and g.
7
Suppose 323 = 18*j + j. Suppose 100 = j*p - 138. Calculate the greatest common factor of 252 and p.
14
Suppose -4*b - 3*j + 7671 = 0, -14*j + 17*j = -5*b + 9588. Calculate the highest common divisor of b and 108.
27
Let x be 3/(-15*15/(-37125)). Calculate the highest common divisor of x and 135.
45
Let x = 10175 + -6073. What is the highest common factor of 14 and x?
14
Let o be (-11 - -24) + 8003 - 12. What is the greatest common factor of o and 58?
58
Suppose o + 2*o + 102 = m, 5*m = -5*o + 590. Let l(w) = -2*w**3 + 15*w**2 + 6*w + 46. Let x be l(8). Calculate the greatest common divisor of m and x.
6
Suppose 3*f - 2*m - 172 = 0, 9*m = 11*m - 8. Suppose 5*v = 3*o + o - 346, 0 = 2*v + 4. What is the highest common divisor of f and o?
12
Let u = 355 - 295. Let f be 25/30*u/2. What is the highest common divisor of 70 and f?
5
Let i be 8 - (-3 - (-3 - 3)). Suppose -2*d + 4*d = 0, -w + i*d = -37. Let s = 47 - w. Calculate the highest common divisor of 50 and s.
10
Suppose -1991*i + 3248 = -1975*i. What is the highest common divisor of 1827 and i?
203
Suppose 7*z + 49 = 133. Let y be 21 + 0 + (-17 - -10) + z. What is the highest common divisor of y and 104?
26
Let b(z) = -118*z + 2650. Let i be b(15). What is the greatest common divisor of i and 150?
10
Suppose y - 540 = -2*y - 4*n, 4*n + 564 = 3*y. Calculate the highest common factor of y and 161.
23
Suppose -h = t - 684, 2*h - 151*t = -147*t + 1404. Calculate the greatest common factor of